5585347 prime?
False
Is 220490563 a composite number?
True
Is 345403 composite?
True
Is 12672641 composite?
False
Is 2010971 a prime number?
True
Is 48323459 prime?
True
Is 1243031 a composite number?
True
Is 150907433 a prime number?
False
Is 21415813 prime?
False
Is 24544739 composite?
False
Is 110645 a composite number?
True
Is 763485797 a composite number?
True
Is 834217 prime?
False
Is 1466869 a prime number?
True
Is 271968182 prime?
False
Is 956789 a composite number?
False
Is 75768181 a prime number?
False
Is 350290601 a composite number?
True
Is 347446163 composite?
False
Is 167975053 a composite number?
True
Is 106264083 prime?
False
Is 8656079 a composite number?
False
Is 499193 a composite number?
True
Is 51828969 a composite number?
True
Is 201612659 a prime number?
True
Is 3677249 composite?
True
Is 57313211 a composite number?
False
Is 215381 composite?
False
Is 59690503 composite?
False
Is 493369 composite?
False
Is 9144373 a prime number?
False
Is 10271309 prime?
True
Is 25488917 a prime number?
False
Is 116739577 a composite number?
False
Is 1221881 composite?
True
Is 206457 prime?
False
Is 57090697 composite?
True
Is 2950201 a prime number?
False
Is 348742873 a prime number?
False
Is 449858111 prime?
True
Is 34574347 a prime number?
False
Is 89310701 prime?
True
Is 37890101 a composite number?
False
Is 36041111 a composite number?
False
Is 1130011 composite?
False
Is 3845191 a prime number?
False
Is 3884011 composite?
False
Is 348685 composite?
True
Is 458526401 prime?
True
Is 67017913 a prime number?
True
Is 15531221 composite?
False
Is 56451179 composite?
False
Is 1727483 a composite number?
False
Is 4529333 composite?
False
Is 75732977 composite?
True
Is 759679 prime?
False
Is 251128667 prime?
True
Is 86018677 a prime number?
True
Is 103218539 a composite number?
False
Is 920693 prime?
False
Is 732857 composite?
True
Is 25555097 prime?
False
Is 3578587 composite?
True
Is 1182059 a composite number?
True
Is 8990657 prime?
False
Is 3918179 a prime number?
True
Is 15615251 a prime number?
True
Is 16982783 prime?
True
Is 956017 a prime number?
False
Is 19255127 a prime number?
True
Is 101833091 composite?
False
Is 4767077 a composite number?
True
Is 162073729 a composite number?
True
Is 1872799 composite?
False
Is 3206809 composite?
False
Is 920107 prime?
True
Is 444421 composite?
False
Is 36996563 a composite number?
False
Is 3773615 prime?
False
Is 117113785 a prime number?
False
Is 276515051 a prime number?
True
Is 4382051 a composite number?
True
Is 556651 a prime number?
True
Is 381649145 a prime number?
False
Is 25746191 a composite number?
True
Is 5695033 prime?
True
Is 52997291 a prime number?
True
Is 65752163 composite?
False
Is 9042009 composite?
True
Is 1127297 prime?
True
Is 141841373 a composite number?
True
Is 41021507 composite?
True
Is 48531191 composite?
False
Is 51186935 a prime number?
False
Is 1962266 prime?
False
Is 2495947 a prime number?
True
Is 10008377 prime?
False
Is 741887423 composite?
False
Is 4539637 a prime number?
False
Is 17461391 a composite number?
False
Is 6887077 a prime number?
True
Is 62349589 a composite number?
True
Is 1071803 prime?
True
Is 1580081 a composite number?
False
Is 13193549 a prime number?
False
Is 29479511 a prime number?
False
Is 81527 a prime number?
True
Is 172728209 composite?
True
Is 15931093 a prime number?
True
Is 145258571 a prime number?
True
Is 178378 composite?
True
Is 15859 prime?
True
Is 150547261 a prime number?
True
Is 126434503 a prime number?
False
Is 108255413 prime?
False
Is 8465097 prime?
False
Is 93879223 a composite number?
True
Is 26300347 composite?
False
Is 5563799 a composite number?
False
Is 7184822 a composite number?
True
Is 18353927 composite?
False
Is 29767449 a composite number?
True
Is 2061403 composite?
True
Is 390914 composite?
True
Is 27765701 a composite number?
True
Is 56288437 prime?
False
Is 43501231 composite?
True
Is 4125365 composite?
True
Is 44548941 a composite number?
True
Is 145137401 a composite number?
False
Is 99502877 a prime number?
False
Is 358498781 a composite number?
False
Is 140444641 prime?
False
Is 309658831 a prime number?
True
Is 12802289 composite?
False
Is 20631283 a prime number?
False
Is 86870579 prime?
True
Is 10142905 prime?
False
Is 37683133 a prime number?
True
Is 2505463 composite?
True
Is 1587787 prime?
True
Is 14607737 prime?
False
Is 179378741 composite?
True
Is 1760261 composite?
False
Is 62857 a composite number?
True
Is 1159463 a composite number?
False
Is 2909501 a prime number?
False
Is 12978139 a prime number?
True
Is 57908161 composite?
False
Is 3390781 a composite number?
True
Is 21755803 a composite number?
False
Is 6432329 prime?
True
Is 402396167 a composite number?
False
Is 2577563 composite?
False
Is 283953221 a composite number?
False
Is 624119 a prime number?
True
Is 318209753 composite?
True
Is 880228043 a composite number?
True
Is 319409189 a prime number?
False
Is 11525113 prime?
True
Is 711409 a composite number?
False
Is 4703003 composite?
False
Is 17088509 composite?
False
Is 12863767 a composite number?
True
Is 65591345 composite?
True
Is 16401947 composite?
True
Is 5383819 composite?
True
Is 3051695 prime?
False
Is 130697141 composite?
True
Is 5756763 composite?
True
Is 11026019 composite?
False
Is 36763261 a prime number?
True
Is 74729957 prime?
True
Is 3077691 composite?
True
Is 25931665 composite?
True
Is 199255871 prime?
False
Is 2623783 prime?
True
Is 4310783 prime?
True
Is 251355395 a prime number?
False
Is 60844039 prime?
False
Is 29527 a composite number?
False
Is 4768609 prime?
True
Is 1499867 a composite number?
True
Is 1837061 composite?
False
Is 194823457 composite?
False
Is 1870062001 a composite number?
False
Is 6000257 a composite number?
True
Is 6200771 prime?
True
Is 161607497 composite?
True
Is 4848763 a composite number?
False
Is 29304943 a composite number?
False
Is 10533821 a composite number?
False
Is 19100509 a composite number?
True
Is 15978217 prime?
False
Is 1229407211 a composite number?
False
Is 2695313 prime?
True
Is 651461 prime?
True
Is 18886901 a composite number?
True
Is 461058977 composite?
False
Is 523578533 a prime number?
True
Is 67516721 prime?
True
Is 644617 composite?
False
Is 37422211 prime?
True
Is 723167273 composite?
True
Is 67132183 a composite number?
False
Is 4150169 a prime number?
True
Is 15293821 a prime number?
True
Is 2403289 a composite number?
True
Is 542413 a prime number?
False
Is 3580039 prime?
False
Is 350432283 composite?
True
Is 85004774 a prime number?
False
Is 21309257 prime?
True
Is 2986127 prime?
False
Is 777041 a prime number?
True
Is 10153687 composite?
True
Is 312606355 a composite number?
True
Is 3911467 prime?
False
Is 437726023 a prime number?
False
Is 78349737 a prime number?
False
Is 83234251 a prime number?
False
Is 13984543 a composite number?
False
Is 24624127 a composite number?
True
Is 6835583 a prime number?
True
Is 350489597 prime?
False
Is 3897323 a composite number?
True
Is 11864746 a prime number?
False
Is 199247 a composite number?
False
Is 16226263 composite?
False
Is 51581573 a composite number?
False
Is 152921617 a composite number?
True
Is 5466239 prime?
False
Is 3058527 a composite number?
True
Is 101084119 composite?
True
Is 9128123 composite?
False
Is 229111 composite?
True
Is 2740943 composite?
False
Is 5696437 composite?
False
Is 5508539 a composite number?
True
Is 992531341 a composite number?
True
Is 3454727 prime?
False
Is 216199145 prime?
False
Is 2658827 a composite number?
False
Is 92332717 a prime number?
True
Is 3299781 a composite number?
True
Is 6355901 a prime number?
False
Is 12035267 prime?
True
Is 1829551 prime?
True
Is 22831771 prime?
False
Is 7496519 a composite number?
False
Is 247883 composite?
True
Is 382849217 a prime number?
False
Is 1033673 a prime number?
False
Is 14209271 composite?
False
Is 166962043 a prime number?
True
Is 18308359 prime?
True
Is 124115261 composite?
False
Is 41390263 a composite number?
True
Is 29089121 prime?
False
Is 5304209 composite?
True
Is 1021102 a prime number?
False
Is 453697 prime?
False
Is 23499139 composite?
False
Is 29300173 a prime number?
False
Is 1592603 prime?
False
Is 2651531 prime?
False
Is 3533449 prime?
False
Is 1127869